j(x) = -46*x**3 + 14*x**2 + 16*x - 7. Let z be j(-8). Suppose 5*t = 2*m + m + 24311, 0 = -5*t + 4*m + z. Is t a prime number?
True
Let o(p) be the third derivative of p**5/20 - 9*p**4/8 + 5*p**3/3 - 6*p**2 + 146. Suppose -12 + 45 = x - 5*y, -3*y - 38 = -2*x. Is o(x) a prime number?
False
Let z(x) = 43*x**2 - 4*x + 6. Let t(w) = 43*w**2 - 4*w + 7. Let n(v) = -5*t(v) + 6*z(v). Let y be n(-5). Let q = y + -377. Is q composite?
False
Let l = -165 + 169. Is (12/48)/(l/138608) a composite number?
False
Let f be (-175984)/16 + 21/(-3). Let q = 22825 + f. Is q a prime number?
False
Is 20/6 + (-45263390)/(-30) a composite number?
True
Suppose -8*i + 9*i = -15*i. Suppose -8*w = -11*w - 3*u + 29313, i = 2*w - 2*u - 19526. Is w composite?
False
Suppose -10*f + 27208 = -6*f. Let w = 1255 + f. Is w a composite number?
True
Suppose -250*x = -32*x - 14278099 - 45989527. Is x a prime number?
False
Is (-828)/621*1016625/(-2) + 1*-3 composite?
True
Let t be 55*((0 - 3) + 46623/15). Suppose -t = -20*q + 6*q. Is q a prime number?
False
Suppose 18*f + 9*f - 81 = 0. Suppose -x = 3, -f*w + 5*x = 10*x - 8754. Is w a prime number?
False
Let q(h) = h**3 - 7*h**2 + 5*h + 11. Let d be q(6). Suppose -d*c = 4*c + 72. Let s(o) = -87*o + 5. Is s(c) composite?
False
Suppose 26*q = 56*q - 117120. Let t be (3 - -777)/(2/10). Suppose -4*v - q = -4*n, -t = -4*n + 5*v - 3*v. Is n a prime number?
False
Suppose -4*k - 32172 = 4*f, -k + 3*k + 16102 = 2*f. Let x be 11868 + -4*26/(-13). Let m = x + k. Is m a prime number?
False
Let o(a) = 4511*a - 120. Let c be o(16). Suppose 0*f = 8*f - c. Is f a prime number?
True
Suppose -5*l + 75 - 50 = 0. Suppose 3 = -3*u + 4*a, 3*u + 0 = l*a - 6. Suppose -u*c - 3404 = -k - 4*c, -3413 = -k + 2*c. Is k prime?
True
Let q = -46 - -52. Suppose -16325 = q*m - 9*m - 4*k, -k - 5430 = -m. Is m a composite number?
True
Suppose 0 = -0*k + 18*k - 36. Suppose 4*u + 4*a = 8661 - 1737, -k*a - 4 = 0. Is u a prime number?
True
Let w(h) = 6*h**3 + 17*h**2 + 10*h + 12. Let c(p) = 34*p + 34*p**2 - 14*p - 98 + 4*p**3 + 123 + 8*p**3. Let r(v) = 2*c(v) - 5*w(v). Is r(-7) composite?
True
Let k be 15/150 + 170067/30. Is (0 + 0)/((-10)/(-10)) + k a composite number?
False
Suppose -1156 = 6*u - 3592. Let q = u - -1927. Is q a composite number?
False
Suppose -3*z + z + 44 = 0. Let q(p) = -p + 26. Let k be q(z). Suppose 6*t = -k*t + 890. Is t a composite number?
False
Let x = 34 - 44. Let u = 13 + x. Suppose -7*k = u*k - 5140. Is k composite?
True
Let n(i) = -3*i - 27. Let a be n(-11). Let z be (a - 2) + 3 + -10 + 3. Is 20/(-60) + (z - (-106)/3) a prime number?
False
Suppose -5*b + 2*b + 6 = 0. Suppose -5 = -s, 0 = b*k + 5*s + 30 + 15. Is (-10700)/k - -1 - 2/(-7) composite?
False
Suppose -2*g + 4*y - 14 = 4, 3*g + 27 = -3*y. Let k be (6/(-4))/((18/8)/g). Is (4/k + 0)*94626/84 a prime number?
True
Suppose -14*s - 18*s - 352 = 0. Let q(b) = b**3 - 6*b**2 + b + 10. Let c be q(9). Let v = c + s. Is v composite?
False
Is (14958/(-12) + 8)/(2/(-148)) a composite number?
True
Let d(z) be the second derivative of -59*z**3/6 + 25*z**2/2 + 61*z. Suppose 5*u = -34 - 26. Is d(u) a prime number?
True
Let h(d) = -31*d - 153. Let g be h(-5). Suppose 0 = -3*w - 3*j + 2226, -g*w + 5*j + 2484 - 979 = 0. Is w prime?
False
Let m(n) be the first derivative of -7*n**4/4 - n**3/3 - n**2/2 - 41. Let h be m(-1). Let t(v) = 3*v**3 + 8*v**2 + 3*v + 15. Is t(h) composite?
True
Let s be (4789 + 10/(-5))*1. Suppose -s + 14759 = 4*v. Let z = v + 690. Is z prime?
False
Let q = 23 + -11. Let a be (2 - 6/4)/(2/q). Suppose -t + 2287 = a*h, -3*t = -0*t + 6. Is h a prime number?
False
Let i be (28/(-3))/((-72)/108). Suppose -3*q - 8107 = -i*q. Is q prime?
False
Let k(j) = 47*j + 20 + 18 + 35*j**2 - 21 - 6. Is k(20) composite?
False
Let v = -47 + 50. Is -37 + 37 - (-3)/(v/835) composite?
True
Let q be (-2768)/(-66) - 8/(-132). Suppose -13*m + q*m = 691621. Is m a prime number?
False
Is 3996770/(-4)*((-192)/80 - (2 - 4)) a prime number?
True
Let l = -35 + 35. Suppose l = -25*x + 15*x + 18380. Is x prime?
False
Let m be 20/(-7 + 3) - -6401. Suppose -2*f = 5*r - 1836 - 1372, -4*f - 5*r = -m. Is f a prime number?
False
Suppose 128*d - 118*d - 39890 = 0. Is d a composite number?
False
Suppose 3*d - 1442341 = 5*z, -5*d - z = -3806185 + 1402246. Is d prime?
True
Let a(g) = -615*g + 647. Is a(-16) a prime number?
True
Suppose -655960 = -5*d + 5*f, 82*d = 84*d - 5*f - 262387. Is d composite?
True
Let u = -299 + 14. Let l = u + 1828. Is l prime?
True
Suppose y - 897087 = -3*k - y, 0 = -4*k + 3*y + 1196150. Is k prime?
False
Let t be 15/15 - (-576 + 1). Let h(l) = -307*l - 12. Let b be h(-5). Let z = b - t. Is z composite?
False
Let y(f) = 31788*f - 14273. Is y(57) prime?
False
Suppose -2487*k = -2478*k - 89307. Is k prime?
True
Suppose 3*g - 23*m - 473309 = 0, 20*m = 2*g + 17*m - 315638. Is g composite?
False
Let d = 230 - 226. Is 7919/(4 - 12/d) composite?
False
Suppose -124*c + 115*c = -22806. Is c/1 + -1*(3 - 0) a composite number?
False
Let a be 10 + -3 + 2/(-1). Let r = 25 + 44. Suppose 0 = -a*t - 4*x + 574 - 208, -5*x = t - r. Is t a composite number?
True
Let g be 7 - 4/(-16)*-20. Suppose -32169 = -5*d + 2*b, -4*d - 7*b + g*b + 25722 = 0. Is d composite?
True
Let o be 10/(-6)*54/(-45). Suppose -4 = j, 0 = -5*c + o*j - 5*j + 12323. Is c prime?
True
Suppose 78*m - 18 = 80*m. Let f(p) = -2*p**3 + 2*p**2 + 20*p + 19. Let i be f(m). Suppose 2012 + i = 3*v. Is v a composite number?
True
Let v(g) = 67*g**2 - 37*g + 240. Let m be v(14). Let k be ((-12)/(-9))/((-2)/(-75)). Suppose 12*t - m = -k. Is t a composite number?
True
Let z(x) = -x**2 - 5*x + 3. Let w be z(-5). Suppose 7*m - 1088 - 740 = -498. Suppose -176 = -2*g + q, w*g - m = -3*q + 83. Is g prime?
True
Let c(m) be the second derivative of 11*m**4/3 + 13*m**3/6 + 11*m**2 - 26*m. Let z be c(-10). Suppose -9*n + 5*n + z = 0. Is n a prime number?
False
Suppose -3*d - 10668 = -3*b, -5*b = -3*d - 16719 - 1075. Is b composite?
True
Suppose s = -5*q - 144145 + 1454388, 0 = 5*q + 4*s - 1310237. Is q a prime number?
True
Suppose -39 = -14*q - 11. Suppose 0 = q*s + 2, 2*s - 739 = 2*i - 4043. Is i composite?
True
Let x = -38262 + 63785. Is x composite?
False
Suppose 0 = -4*p - 12, -4*p - 3645 = 4*j - 7*j. Suppose 554 + j = 5*r. Is r a prime number?
True
Let n(g) = 256*g**2 + 4*g - 2. Let k(d) = d - 2. Let t(c) = 3*k(c) + n(c). Is t(3) prime?
False
Let r = 5744 + -3325. Suppose 0 = -5*u + m + 15, u - 1 = m + 2. Suppose -3*w + 2*l = -r, -7*l = -4*l - u. Is w composite?
True
Suppose 21*t + 119 = 22*t. Suppose 6*x + t - 1613 = 0. Let g = -115 + x. Is g a prime number?
False
Let d be 16*(-4 - 2 - -3). Let z = d - -53. Is (4 + 0 - z)*-251 a prime number?
True
Let c(p) = -p**3 + 8*p**2 + 7*p + 20. Let f be c(9). Let m(q) = q - 3 - 3*q**2 + 2 - 3*q**f + 7*q**2 - 872*q**3. Is m(-1) prime?
False
Suppose 5*d + 336317 = 4*o - 163609, 0 = 3*o + 4*d - 374929. Is o prime?
True
Is 99498500/400 - ((-28)/16 - 2/(-2)) prime?
False
Let p(n) = -258*n**3 - 10*n**2 - 28*n - 8. Let f be p(-6). Suppose 0*d + 4*i = -3*d + f, -10 = 2*i. Is d/48 + (2/(-8))/(-1) a prime number?
False
Let t(c) = 319*c**2 - 18*c + 175. Is t(-26) prime?
False
Let f = 25023 + -13226. Is f prime?
False
Let o(l) = 2762*l + 101. Is o(6) prime?
True
Let d be (28960/30)/(8/132). Let h = d + -2289. Is h a prime number?
False
Suppose -38*l + 3549359 + 362449 = -2236858. Is l prime?
True
Suppose 0 = 15*f - 9*f - 24. Suppose -2 = g + 4*b + 4, -2*g = -f*b. Is g/8 - (-56017)/52 a composite number?
True
Let r = 25659 + 77852. Is r a composite number?
False
Let l = -64476 + 386977. Is l a prime number?
True
Let o = -19 + 43. Let z be (-965)/(-6) - (-4)/o. Is (179/(-4))/(-6 + z/28) composite?
False
Let l = 5446 - 3436. Suppose -3*h - y + l = 0, -4 + 1 = -y. Is h a composite number?
True
Suppose 0 = -139*w + 143*w + 4*j - 3177872, -7944743 = -10*w - 3*j. Is w a prime number?
True
Suppose 3116 - 46955 + 814428 = 9*g. Is g a composite number?
False
Let a(s) = 32*s - 160. Let w be a(5). Suppose w = -42*x + 32*x + 8090. Is x a composite number?
False
Let r(g) = g**3 - 6*g**2 - 6*g - 4. Let j be r(7). Suppose 0 = -10*d - j*d + 179101. Is d a composite number?
True
Let p = 519 + 789. Suppose 3*c + 0*c = p. Suppose 12*f - c = 10*f. Is f compo